{"id":14750,"date":"2023-02-13T14:20:51","date_gmt":"2023-02-13T13:20:51","guid":{"rendered":"https:\/\/scriptdoctor.fr\/boutique\/?post_type=product&#038;p=14750"},"modified":"2023-06-14T22:07:06","modified_gmt":"2023-06-14T20:07:06","slug":"hotline-conseil-pour-auteur","status":"publish","type":"product","link":"https:\/\/scriptdoctor.fr\/boutique\/tarif\/hotline-conseil-pour-auteur\/","title":{"rendered":"La s\u00e9ance de 30 min. de Q\/R avec un script doctor"},"content":{"rendered":"<p>Un acc\u00e8s \u00e0 la hotline d&rsquo;un script doctor senior pour r\u00e9pondre \u00e0 vos interrogations sur des sujets vari\u00e9s, de la conception d&rsquo;un projet (long m\u00e9trage, roman, BD, s\u00e9rie, jeu vid\u00e9o) \u00e0 son formatage, en passant par&nbsp;:<\/p>\n<ul>\n<li>la dramaturgie, l&rsquo;\u00e9valuation de pitchs et la correction de vos structures dramatiques en direct,<\/li>\n<li>les axes d&rsquo;am\u00e9lioration et de r\u00e9\u00e9criture d&rsquo;un projet,<\/li>\n<li>les aides s\u00e9lectives possibles pour un projet (Fonds d\u2019Aide \u00e0 l\u2019innovation du CNC, etc.),\t<\/li>\n<li>l&rsquo;aide \u00e0 la vente (r\u00e8gles de formatage commercial, d\u00e9marchage d&rsquo;une production, etc.),<\/li>\n<li>les conseils de formation, la gestion de carri\u00e8re et la n\u00e9gociation des droits de vos contrats d&rsquo;auteur.<\/li>\n<\/ul>\n","protected":false},"excerpt":{"rendered":"<p>Un cr\u00e9dit de 30 min. \u00e0 consommer \u00e0 votre guise pour acc\u00e9der \u00e0 notre hotline avec un script doctor professionnel et poser vos questions sur les sujets qui vous int\u00e9ressent.<\/p>\n","protected":false},"featured_media":1607,"template":"","meta":{"_genesis_hide_title":false,"_genesis_hide_breadcrumbs":false,"_genesis_hide_singular_image":false,"_genesis_hide_footer_widgets":false,"_genesis_custom_body_class":"","_genesis_custom_post_class":"","_genesis_layout":""},"product_brand":[],"product_cat":[236],"product_tag":[],"class_list":{"0":"post-14750","1":"product","2":"type-product","3":"status-publish","4":"has-post-thumbnail","6":"product_cat-accompagnement-ecriture","7":"post","8":"entry","10":"first","11":"instock","12":"taxable","13":"shipping-taxable","14":"purchasable","15":"product-type-simple"},"_links":{"self":[{"href":"https:\/\/scriptdoctor.fr\/boutique\/wp-json\/wp\/v2\/product\/14750","targetHints":{"allow":["GET"]}}],"collection":[{"href":"https:\/\/scriptdoctor.fr\/boutique\/wp-json\/wp\/v2\/product"}],"about":[{"href":"https:\/\/scriptdoctor.fr\/boutique\/wp-json\/wp\/v2\/types\/product"}],"wp:featuredmedia":[{"embeddable":true,"href":"https:\/\/scriptdoctor.fr\/boutique\/wp-json\/wp\/v2\/media\/1607"}],"wp:attachment":[{"href":"https:\/\/scriptdoctor.fr\/boutique\/wp-json\/wp\/v2\/media?parent=14750"}],"wp:term":[{"taxonomy":"product_brand","embeddable":true,"href":"https:\/\/scriptdoctor.fr\/boutique\/wp-json\/wp\/v2\/product_brand?post=14750"},{"taxonomy":"product_cat","embeddable":true,"href":"https:\/\/scriptdoctor.fr\/boutique\/wp-json\/wp\/v2\/product_cat?post=14750"},{"taxonomy":"product_tag","embeddable":true,"href":"https:\/\/scriptdoctor.fr\/boutique\/wp-json\/wp\/v2\/product_tag?post=14750"}],"curies":[{"name":"wp","href":"https:\/\/api.w.org\/{rel}","templated":true}]}}